 derivative of i(u). What is r(-5)?
-14
Let s(v) = -v**2 - 8*v + 9. Let l be s(-9). Suppose 5*w = 2*k - l*k - 3, -4*k + 2*w - 2 = 0. Let q(y) = -10*y - 1. What is q(k)?
9
Suppose 2*g - 34 = 5*r, -3*r + 0*g - 16 = g. Let l(i) = 7*i + 3. Let z(j) = 6*j + 2. Let q(f) = r*z(f) + 5*l(f). Let s = -21 - -24. Determine q(s).
0
Let m(b) = 3*b**2 + 1. Let r(n) = 5*n - 2*n + 7*n**2 + 1 - 4*n. Let l(c) = -5*m(c) + 2*r(c). Suppose -6*u - 14 + 2 = 0. Give l(u).
-3
Let k(x) = x**2 + 3*x + 2. Let c be k(-3). Let z(j) = j**2 + 2*j. Determine z(c).
8
Let x = -8 + 10. Let i(p) = 2 + 0*p + 0 + 1 - x*p - p**2. Determine i(2).
-5
Let w(k) = 2*k - 114 - 3*k + 114. What is w(-3)?
3
Let t(v) = -2*v**2 - 8*v - 1. Let u(i) = -i**2 + 1. Let c(k) = -t(k) + 3*u(k). Calculate c(7).
11
Let n = 172 + -68. Let o(b) = b - n + 110 + 0*b + b**2. Give o(0).
6
Let f(i) = -11*i**2 - 5*i + 1. Let j(a) = -10*a**2 - 4*a + 1. Let t(l) = 4*f(l) - 5*j(l). Suppose 2*s = 6 - 8. Calculate t(s).
5
Let t(n) = 5*n**2 - n**3 + 0*n**3 - 4*n + 0*n + 1 + 0*n. Suppose -1 = -3*i + 11. Suppose -1 = 3*u - 2*u - b, -i*u + 5*b = 8. Give t(u).
7
Let l = -15 - -35. Let n be (l/6)/((-4)/(-6)). Suppose -n*t + 3 = -12. Let q(r) = 3*r - 4. What is q(t)?
5
Let c(n) = -8*n + 1. Let q be 0 + 5*(-3 + 7). Let s be (-65)/q + (-1)/(-4). Let v(k) = 15*k - 2. Let m(x) = s*v(x) - 5*c(x). Calculate m(-1).
6
Let u = 29 + -26. Let c(n) = -2*n**2 - 3*n**2 + n**3 + 2*n**u - 2*n**3 + 2*n + 4. Determine c(5).
14
Let m = -5 - 1. Let z = 6 + m. Let b be (2 - z) + (3 - 0). Let k(n) = -n**3 + 6*n**2 - 5*n + 7. Give k(b).
7
Suppose m - 61 = -67. Let c(n) = n**3 - n**2. Let r(y) = -4*y**3 - 2*y**2 + 7*y. Let q(a) = -3*c(a) - r(a). Determine q(m).
6
Let i be 6 + -6 + (16 - 0). Suppose 1 = 4*w - 3*v - i, 12 = -4*v. Let m(t) = 3*t + 0*t**3 - 5*t - t**2 + t**3 + 3. Determine m(w).
3
Suppose -4*f = 2*f. Let p(h) = -h**2 + h + 7. Determine p(f).
7
Let l(r) = 9*r - 2. Let g be (0 - 0)/(-1) - 5. Let v(h) = 5*h - 1. Let b(n) = g*v(n) + 3*l(n). Let q be -5*((-26)/10 - -3). What is b(q)?
-5
Let x = 6 - 1. Suppose -h - 2 = 3*u, -x*h - u = -0*u - 18. Suppose -2*v + h = -6*v + 3*g, -2*v = 3*g - 16. Let z(d) = -d**2 + d + 2. Determine z(v).
0
Let y(n) = n**2 + 7*n + 7. Suppose 2*p + 4 = m, -2*p = 3*m - 7*p - 11. Let c be m - (-2)/((-6)/21). What is y(c)?
-3
Let y(d) = -d. Let p be ((-9)/(-12))/(2/8). What is y(p)?
-3
Let w(h) be the first derivative of h**3/3 - h**2/2 - h - 51. Suppose 2*f - 3*f = -2*c + 2, f - 2 = -2*c. Give w(c).
-1
Let n(m) = -m - 5. Let h be n(-9). Let a be 4*(h + (-26)/8). Let v(f) = -f**2 - 3*f + 3. Calculate v(a).
-15
Let y(q) = q**2 + 5*q + 4. Let v be y(-4). Let k = -5 - v. Let h(p) = 4 - 2*p + p + 2*p. Give h(k).
-1
Let m(b) be the first derivative of -b**3/3 - b - 1. Give m(-2).
-5
Suppose 4*c - 9 = 11. Let m = -5 + c. Suppose q - 3*o = m, -4*q + 3*o = -2*q. Let f(i) = -i**2 + 9. Determine f(q).
9
Let t(s) be the third derivative of 0 - 1/24*s**4 + 8*s**2 - 7/6*s**3 + 0*s. What is t(-5)?
-2
Suppose 6 = -4*h + 3*u, u - 2*u + 2 = 3*h. Suppose h = 6*y - 4*y + 4. Let s(b) = 3*b**2 + 2*b - 1. Give s(y).
7
Let o(u) = -2*u**2 - 2*u - 2. Let y be -4*(-2 - (-45)/12). Let p = -9 - y. What is o(p)?
-6
Let q(h) = h + 3. Let z be q(0). Let g(o) = -o + o + z*o - 3. Calculate g(2).
3
Suppose -3*s + 3*w - 8*w = -20, -20 = -4*s - 5*w. Let h(v) = v**3 - v**2 - v - 2. Determine h(s).
-2
Let d(s) = s**2 - 4*s + 2. Let q be d(3). Let h(w) = -6*w**2 + w. Give h(q).
-7
Let n(p) be the third derivative of -7/60*p**5 - p**2 + 0*p + 0*p**4 - 1/6*p**3 + 0. Let w be -10 + 11 + -2*1. Determine n(w).
-8
Let l(v) = 5*v**2 + 2*v - 2. Let p be l(1). Let j(s) = s**3 - 6*s**2 + 5*s + 2. Calculate j(p).
2
Let p(u) = -u**3 - 9*u**2 - 5. Let q(b) = -b**3 - 8*b**2 - 4. Let x be (-22)/(-3) + 6/9. Suppose -2*i = 2 + x. Let k(f) = i*p(f) + 6*q(f). Give k(-1).
-1
Let h(p) = 35*p**3 - 4*p**2 + 2*p + 7 + 5*p - 36*p**3. Let u be (0 - 5)*(-1)/(-1). Give h(u).
-3
Let x(m) = -5*m - 6. Let a = 1 - -3. Suppose 2*k - k + a = 0. Determine x(k).
14
Let d(x) = -x**2 + 7*x + 5. Let c(k) be the second derivative of 1/6*k**3 - 2*k + 0 + 0*k**2. Let m(j) = 4*c(j) - d(j). What is m(5)?
5
Let p(x) = -2*x - 3*x + 3 - 6*x. Let z(t) = 5*t - 2. Let y(l) = -2*p(l) - 5*z(l). Give y(3).
-5
Let r(m) be the first derivative of -4*m**2 + 9. What is r(1)?
-8
Let o = -16 + 16. Let t(r) = 1 - 3 + 3*r + o. Calculate t(5).
13
Suppose f + 1 = -0. Let x be f/(21/(-9) + 2). Suppose y = -4*u + u + 17, 0 = -y + x*u - 7. Let r(b) = b**2 - 4*b + 4. What is r(y)?
9
Suppose -5*l + 2*k = 30, l + 0*l - 16 = -4*k. Let a(j) = 2*j + 6. Give a(l).
-2
Let k(b) = b**3 + b + 9. Suppose n - 26 = -0*n. Let g be (-2)/7 - n/(-91). Calculate k(g).
9
Let g = -155 - -163. Let x(z) = z**3 - 8*z**2 - z + 10. Give x(g).
2
Suppose 2*m - 38 + 14 = 0. Let t(s) = s**2 - 13*s + 6. Determine t(m).
-6
Let f(q) = -q**2 + 4*q + 6. Let r = -5 - -10. Let m(i) = 3 + 2 + 5 - i. Let k be m(r). Give f(k).
1
Let k(d) = 7*d**3 - d**2 + 1. Let b(x) = 5*x - 5. Let w(n) = -11*n + 10. Let m(v) = 13*b(v) + 6*w(v). Let r be m(-4). What is k(r)?
-7
Let o(g) = 5*g. Let v(w) = -w**3 + 11*w**2 + 14*w - 25. Let b be v(12). What is o(b)?
-5
Let g(o) = -2*o - 5. Let q be g(-4). Let w(z) = -2*z - 40*z**2 + q*z + 39*z**2. Give w(1).
0
Let n(u) be the second derivative of -1/2*u**3 + u**2 - 1/12*u**4 - 2*u + 0. Let c be (-6)/18*(0 - -6). Calculate n(c).
4
Let b(h) = 3 + 6*h - 5 + 5. Give b(-2).
-9
Let i(d) = -3*d + 4*d**3 - 3*d**3 - 2 - 4*d**2 - 3*d + 0*d**3. Let h(l) = l**3 + 4*l**2 + 2*l + 2. Let c be h(-3). Determine i(c).
-7
Let d(n) be the third derivative of -n**9/60480 + n**8/10080 + n**7/2520 + n**6/240 + n**5/30 - n**2. Let i(x) be the third derivative of d(x). Determine i(3).
0
Let x(d) = d**3 + 18*d**2 - 2*d - 37. Let n be x(-18). Let t(y) be the third derivative of y**4/4 + y**3/6 - y**2. Calculate t(n).
-5
Let c(r) = 7*r**3 - 1. Let w(v) be the third derivative of -v**5/60 - v**4/6 + 2*v**3/3 - 3*v**2. Let k = 0 + -5. Let h be w(k). Give c(h).
-8
Let g be (-1)/(((-1)/2)/(-1)). Let d(q) be the first derivative of -q**2 - 2*q + 1. What is d(g)?
2
Let n(o) = -1 + 2*o + o + 4 - o**3. Let g = 1 + -3. Calculate n(g).
5
Let l(g) be the second derivative of g**6/360 + g**5/30 - g**4/6 + g**3 - 5*g. Let b(o) be the second derivative of l(o). Give b(-3).
-7
Let x(o) be the first derivative of o**2/2 - 8*o - 2. Let s(w) = -w**2 - 5*w + 6. Let t = 6 - 12. Let k be s(t). What is x(k)?
-8
Let h(u) = 6*u - u**2 + u**2 - u**2 + 5. Let c be h(4). Suppose 0 = k - 3*m + c, -2*k = -0*k - m + 11. Let d(s) = 3*s + 3. Give d(k).
-9
Let o = -22 + 27. Let j(t) be the second derivative of -1/20*t**o - 1/6*t**4 + 2*t**2 + 1/2*t**3 + 2*t + 0. Determine j(-3).
4
Let l(i) = i**3 + 5*i**2 + 6. Suppose -2*z = -0*z. Let h = -31 - -41. Suppose -v + t - h = 0, -5*v - t = -z*t + 20. Give l(v).
6
Let w(n) be the third derivative of n**4/24 + 5*n**3/6 + 3*n**2. What is w(-4)?
1
Let y(i) = -i**3 + i**2 - i + 2. Suppose 0 = b + 2*l, 0*b + b - l - 15 = 0. Suppose -25 = -3*j - b. Let q be 0*(-2 - j/(-2)). Give y(q).
2
Let z(j) = 3*j + 6. Let u be 1*(-2)/(-1)*10. Suppose 3*w + u = -2*w. Calculate z(w).
-6
Suppose 0 = 2*d + 2*d - 8. Let t(l) = -5 + 2*l + d*l + l**2 + 9. Determine t(-3).
1
Let d(x) = -x + 11. Let s be -3 + (-3 - -4) - -7. What is d(s)?
6
Let l be -1*(2 + 1 + -2). Let g(r) = -r + 4. Let m be g(4). Let v(z) = -2*z**2 + 8*z**3 + 0 + m*z**2 + 1. Determine v(l).
-9
Suppose 4*n = 3*n. Let a(h) = -2 + 52*h**3 - 51*h**3 + 3. Calculate a(n).
1
Let l(c) = -15*c + 54. Let v(q) = -3*q + 11. Let n(o) = -5*l(o) + 24*v(o). Calculate n(4).
6
Let d(h) = 5*h**2 - h. Let w(t) = 2*t**3 + 3*t**2 + 9*t - 4. Let x(j) = j**3 + j**2 + 5*j - 2. Let r(y) = -3*w(y) + 5*x(y). Let a be r(-3). What is d(a)?
6
Let o = -47 + 52. Let k(z) be the second derivative of -5/2*z**2 + 0 + 0*z**3 - z + 5/12*z**4 - 1/20*z**o. Determine k(4).
11
Let o(n) = 5*n**2 + 3*n - 8. Suppose -l - 4 = 0, -2*w - 2*l - 10 = -3*w. Let y(x) = 2*x**2 + 2*x - 6 + w*x**2 - 2. Let z(m) = -3*o(m) + 4*y(m). Determine z(0).
-8
Let u be 1 - (-1 + (-1 - -3)). Suppose 0 = -4*f - u*f. Let w be 6/(-8)*(f + 4). Let d(m) = -m**3 - 5*m**2 - 5*m - 4. Give d(w).
-7
Let h be (-1)/((-8)/10)*4. Let i(m) be the third derivative of -m**5/60 + 